{"id":297,"date":"2023-07-07T07:29:40","date_gmt":"2023-07-07T05:29:40","guid":{"rendered":"https:\/\/2atoiture.fr\/?page_id=297"},"modified":"2023-07-09T16:00:06","modified_gmt":"2023-07-09T14:00:06","slug":"charpente-traditionnelle-fermette","status":"publish","type":"page","link":"https:\/\/2atoiture.fr\/index.php\/charpente-traditionnelle-fermette\/","title":{"rendered":"Charpente traditionnelle &#038; Fermette"},"content":{"rendered":"\n<div class=\"wp-block-cover\"><span aria-hidden=\"true\" class=\"wp-block-cover__background has-background-dim-20 has-background-dim\"><\/span><img loading=\"lazy\" decoding=\"async\" width=\"1191\" height=\"595\" class=\"wp-block-cover__image-background wp-image-629\" alt=\"\" src=\"https:\/\/2atoiture.fr\/wp-content\/uploads\/2023\/07\/duo-charpente.jpg\" data-object-fit=\"cover\" srcset=\"https:\/\/2atoiture.fr\/wp-content\/uploads\/2023\/07\/duo-charpente.jpg 1191w, https:\/\/2atoiture.fr\/wp-content\/uploads\/2023\/07\/duo-charpente-300x150.jpg 300w, https:\/\/2atoiture.fr\/wp-content\/uploads\/2023\/07\/duo-charpente-1024x512.jpg 1024w, https:\/\/2atoiture.fr\/wp-content\/uploads\/2023\/07\/duo-charpente-768x384.jpg 768w\" sizes=\"auto, (max-width: 1191px) 100vw, 1191px\" \/><div class=\"wp-block-cover__inner-container is-layout-flow wp-block-cover-is-layout-flow\">\n<p class=\"has-text-align-center has-neve-text-color-color has-text-color\" style=\"font-size:60px\"><strong>Charpente <\/strong><\/p>\n\n\n\n<p class=\"has-text-align-center has-neve-text-color-color has-text-color\" style=\"font-size:60px\"><strong>traditionnelle<\/strong><\/p>\n\n\n\n<div style=\"height:22px\" aria-hidden=\"true\" class=\"wp-block-spacer\"><\/div>\n\n\n\n<p class=\"has-text-align-center has-neve-text-color-color has-text-color\" style=\"font-size:60px\"><strong> &amp; <\/strong><\/p>\n\n\n\n<p class=\"has-text-align-center has-neve-text-color-color has-text-color\" style=\"font-size:60px\"><strong>Fermette<\/strong><\/p>\n<\/div><\/div>\n\n\n\n<p>La charpente traditionnelle est un syst\u00e8me de construction de toit qui existe depuis des si\u00e8cles. Elle est souvent fabriqu\u00e9e \u00e0 partir de bois massif, comme des poutres en ch\u00eane ou en sapin. La charpente traditionnelle se compose g\u00e9n\u00e9ralement de fermes triangulaires qui soutiennent la charge du toit. Ces fermes sont assembl\u00e9es \u00e0 l&rsquo;aide de tenons, mortaises et chevilles pour cr\u00e9er une structure solide.<\/p>\n\n\n\n<p>Les fermettes, sont des structures de toit pr\u00e9fabriqu\u00e9es en usine. Elles sont compos\u00e9es de petites poutres en bois, g\u00e9n\u00e9ralement en bois d&rsquo;\u00e9pic\u00e9a, assembl\u00e9es en forme de treillis triangulaire. Les fermettes sont con\u00e7ues pour \u00eatre l\u00e9g\u00e8res et \u00e9conomiques.<\/p>\n\n\n\n<div class=\"wp-block-columns is-layout-flex wp-container-core-columns-is-layout-9d6595d7 wp-block-columns-is-layout-flex\">\n<div class=\"wp-block-column is-layout-flow wp-block-column-is-layout-flow\">\n<div class=\"alignnormal\"><div id=\"metaslider-id-451\" style=\"max-width: 700px;\" class=\"ml-slider-3-108-0 metaslider metaslider-flex metaslider-451 ml-slider has-dots-nav ms-theme-default\" role=\"region\" aria-label=\"charpente et fermette\" data-height=\"250\" data-width=\"700\">\n    <div id=\"metaslider_container_451\">\n        <div id=\"metaslider_451\">\n            <ul class='slides'>\n                <li style=\"display: block; width: 100%;\" class=\"slide-457 ms-image \" aria-roledescription=\"slide\" data-date=\"2023-07-08 08:06:57\" data-filename=\"fermette3-scaled-700x250.jpg\" data-slide-type=\"image\"><img loading=\"lazy\" decoding=\"async\" src=\"https:\/\/2atoiture.fr\/wp-content\/uploads\/2023\/07\/fermette3-scaled-700x250.jpg\" height=\"250\" width=\"700\" alt=\"\" class=\"slider-451 slide-457 msDefaultImage\" title=\"fermette3\" \/><\/li>\n                <li style=\"display: none; width: 100%;\" class=\"slide-452 ms-image \" aria-roledescription=\"slide\" data-date=\"2023-07-08 08:04:37\" data-filename=\"carpente-traditionnelle-1-700x250.jpg\" data-slide-type=\"image\"><img loading=\"lazy\" decoding=\"async\" src=\"https:\/\/2atoiture.fr\/wp-content\/uploads\/2023\/07\/carpente-traditionnelle-1-700x250.jpg\" height=\"250\" width=\"700\" alt=\"\" class=\"slider-451 slide-452 msDefaultImage\" title=\"carpente-traditionnelle-1\" \/><\/li>\n                <li style=\"display: none; width: 100%;\" class=\"slide-453 ms-image \" aria-roledescription=\"slide\" data-date=\"2023-07-08 08:04:41\" data-filename=\"fermette-700x250.jpg\" data-slide-type=\"image\"><img loading=\"lazy\" decoding=\"async\" src=\"https:\/\/2atoiture.fr\/wp-content\/uploads\/2023\/07\/fermette-700x250.jpg\" height=\"250\" width=\"700\" alt=\"\" class=\"slider-451 slide-453 msDefaultImage\" title=\"fermette\" \/><\/li>\n                <li style=\"display: none; width: 100%;\" class=\"slide-459 ms-image \" aria-roledescription=\"slide\" data-date=\"2023-07-08 08:06:57\" data-filename=\"fermette1-scaled-700x250.jpg\" data-slide-type=\"image\"><img loading=\"lazy\" decoding=\"async\" src=\"https:\/\/2atoiture.fr\/wp-content\/uploads\/2023\/07\/fermette1-scaled-700x250.jpg\" height=\"250\" width=\"700\" alt=\"\" class=\"slider-451 slide-459 msDefaultImage\" title=\"fermette1\" \/><\/li>\n                <li style=\"display: none; width: 100%;\" class=\"slide-458 ms-image \" aria-roledescription=\"slide\" data-date=\"2023-07-08 08:06:57\" data-filename=\"fermette2-scaled-700x250.jpg\" data-slide-type=\"image\"><img loading=\"lazy\" decoding=\"async\" src=\"https:\/\/2atoiture.fr\/wp-content\/uploads\/2023\/07\/fermette2-scaled-700x250.jpg\" height=\"250\" width=\"700\" alt=\"\" class=\"slider-451 slide-458 msDefaultImage\" title=\"fermette2\" \/><\/li>\n            <\/ul>\n        <\/div>\n        \n    <\/div>\n<\/div><\/div>\n<\/div>\n\n\n\n<div class=\"wp-block-column is-layout-flow wp-block-column-is-layout-flow\">\n<p>La construction d&rsquo;une charpente est une t\u00e2che complexe qui n\u00e9cessite des connaissances sp\u00e9cialis\u00e9es et une expertise technique. En tant que professionnels qualifi\u00e9s pour la construction de votre charpente nous vous garantissons une conception solide, une conformit\u00e9 aux normes et r\u00e9glementations, une s\u00e9curit\u00e9 accrue et une durabilit\u00e9.<\/p>\n\n\n\n<div class=\"wp-block-buttons is-content-justification-center is-layout-flex wp-container-core-buttons-is-layout-16018d1d wp-block-buttons-is-layout-flex\">\n<div class=\"wp-block-button is-style-primary\"><a class=\"wp-block-button__link wp-element-button\" href=\"https:\/\/2atoiture.fr\/index.php\/contact\/\">Je fais appel \u00e0 votre professionnalisme<\/a><\/div>\n<\/div>\n<\/div>\n<\/div>\n","protected":false},"excerpt":{"rendered":"<p>La charpente traditionnelle est un syst\u00e8me de construction de toit qui existe depuis des si\u00e8cles. Elle est souvent fabriqu\u00e9e \u00e0 partir de bois massif, comme des poutres en ch\u00eane ou en sapin. La charpente traditionnelle se compose g\u00e9n\u00e9ralement de fermes triangulaires qui soutiennent la charge du toit. Ces fermes sont assembl\u00e9es \u00e0 l&rsquo;aide de tenons,&hellip;&nbsp;<a href=\"https:\/\/2atoiture.fr\/index.php\/charpente-traditionnelle-fermette\/\" rel=\"bookmark\">Lire la suite &raquo;<span class=\"screen-reader-text\">Charpente traditionnelle &#038; Fermette<\/span><\/a><\/p>\n","protected":false},"author":1,"featured_media":0,"parent":0,"menu_order":0,"comment_status":"closed","ping_status":"closed","template":"","meta":{"neve_meta_sidebar":"","neve_meta_container":"","neve_meta_enable_content_width":"","neve_meta_content_width":0,"neve_meta_title_alignment":"","neve_meta_author_avatar":"","neve_post_elements_order":"","neve_meta_disable_header":"","neve_meta_disable_footer":"","neve_meta_disable_title":"on","footnotes":""},"class_list":["post-297","page","type-page","status-publish","hentry"],"aioseo_notices":[],"_links":{"self":[{"href":"https:\/\/2atoiture.fr\/index.php\/wp-json\/wp\/v2\/pages\/297","targetHints":{"allow":["GET"]}}],"collection":[{"href":"https:\/\/2atoiture.fr\/index.php\/wp-json\/wp\/v2\/pages"}],"about":[{"href":"https:\/\/2atoiture.fr\/index.php\/wp-json\/wp\/v2\/types\/page"}],"author":[{"embeddable":true,"href":"https:\/\/2atoiture.fr\/index.php\/wp-json\/wp\/v2\/users\/1"}],"replies":[{"embeddable":true,"href":"https:\/\/2atoiture.fr\/index.php\/wp-json\/wp\/v2\/comments?post=297"}],"version-history":[{"count":15,"href":"https:\/\/2atoiture.fr\/index.php\/wp-json\/wp\/v2\/pages\/297\/revisions"}],"predecessor-version":[{"id":690,"href":"https:\/\/2atoiture.fr\/index.php\/wp-json\/wp\/v2\/pages\/297\/revisions\/690"}],"wp:attachment":[{"href":"https:\/\/2atoiture.fr\/index.php\/wp-json\/wp\/v2\/media?parent=297"}],"curies":[{"name":"wp","href":"https:\/\/api.w.org\/{rel}","templated":true}]}}